{"id":2247,"date":"2025-09-02T08:40:38","date_gmt":"2025-09-02T06:40:38","guid":{"rendered":"https:\/\/tecniagroxxi.com\/tienda\/?post_type=product&#038;p=2247"},"modified":"2025-10-14T09:33:45","modified_gmt":"2025-10-14T07:33:45","slug":"azud-pc-system","status":"publish","type":"product","link":"https:\/\/tecniagroxxi.com\/tienda\/producto\/azud-pc-system\/","title":{"rendered":"AZUD PC SYSTEM"},"content":{"rendered":"<p>Tuber\u00eda emisora con gotero autocompensante integrado en el proceso de fabricaci\u00f3n.<\/p>\n<p>Gracias al gotero cil\u00edndrico autocompensante que incorpora, asegura un aporte de caudal constante independientemente de su presi\u00f3n de trabajo. Su gran uniformidad de aplicaci\u00f3n optimiza los resultados del cultivo, recibiendo cada planta la misma cantidad de agua y nutrientes.<\/p>\n<p>Empleado en instalaciones con topograf\u00eda irregular, en grandes extensiones de cultivo con amplias longitudes de ramal y en instalaciones que demandan la m\u00e1xima uniformidad en la fertirrigaci\u00f3n.<\/p>\n<p>Rango de trabajo: 1 \u2013 4 bares.<\/p>\n<p>Disponible varios modelos con diferente caudal y distancia entre goteros.<\/p>\n","protected":false},"excerpt":{"rendered":"<p>Tuber\u00eda emisora con gotero autocompensante integrado en el proceso de fabricaci\u00f3n. Su gran uniformidad de aplicaci\u00f3n optimiza los resultados del cultivo, recibiendo cada planta la misma cantidad de agua y nutrientes.<\/p>\n","protected":false},"featured_media":2248,"comment_status":"open","ping_status":"closed","template":"","meta":{"_et_pb_use_builder":"","_et_pb_old_content":"","_et_gb_content_width":"","_joinchat":[]},"product_brand":[],"product_cat":[78,63],"product_tag":[],"class_list":{"0":"post-2247","1":"product","2":"type-product","3":"status-publish","4":"has-post-thumbnail","6":"product_cat-azud","7":"product_cat-tuberia-con-gotero-integrado","9":"first","10":"instock","11":"taxable","12":"shipping-taxable","13":"purchasable","14":"product-type-variable"},"_links":{"self":[{"href":"https:\/\/tecniagroxxi.com\/tienda\/wp-json\/wp\/v2\/product\/2247","targetHints":{"allow":["GET"]}}],"collection":[{"href":"https:\/\/tecniagroxxi.com\/tienda\/wp-json\/wp\/v2\/product"}],"about":[{"href":"https:\/\/tecniagroxxi.com\/tienda\/wp-json\/wp\/v2\/types\/product"}],"replies":[{"embeddable":true,"href":"https:\/\/tecniagroxxi.com\/tienda\/wp-json\/wp\/v2\/comments?post=2247"}],"wp:featuredmedia":[{"embeddable":true,"href":"https:\/\/tecniagroxxi.com\/tienda\/wp-json\/wp\/v2\/media\/2248"}],"wp:attachment":[{"href":"https:\/\/tecniagroxxi.com\/tienda\/wp-json\/wp\/v2\/media?parent=2247"}],"wp:term":[{"taxonomy":"product_brand","embeddable":true,"href":"https:\/\/tecniagroxxi.com\/tienda\/wp-json\/wp\/v2\/product_brand?post=2247"},{"taxonomy":"product_cat","embeddable":true,"href":"https:\/\/tecniagroxxi.com\/tienda\/wp-json\/wp\/v2\/product_cat?post=2247"},{"taxonomy":"product_tag","embeddable":true,"href":"https:\/\/tecniagroxxi.com\/tienda\/wp-json\/wp\/v2\/product_tag?post=2247"}],"curies":[{"name":"wp","href":"https:\/\/api.w.org\/{rel}","templated":true}]}}