{"id":2376,"date":"2025-09-05T12:17:57","date_gmt":"2025-09-05T10:17:57","guid":{"rendered":"https:\/\/tecniagroxxi.com\/tienda\/?post_type=product&#038;p=2376"},"modified":"2025-09-05T12:17:57","modified_gmt":"2025-09-05T10:17:57","slug":"valvula-basica-plastico-victaulic","status":"publish","type":"product","link":"https:\/\/tecniagroxxi.com\/tienda\/producto\/valvula-basica-plastico-victaulic\/","title":{"rendered":"V\u00e1lvula b\u00e1sica pl\u00e1stico Victaulic"},"content":{"rendered":"<p>La v\u00e1lvula pl\u00e1stica Victaulic RIS es una soluci\u00f3n robusta y vers\u00e1til para sistemas de riego agr\u00edcola, jardiner\u00eda y aplicaciones hidr\u00e1ulicas que requieren un montaje r\u00e1pido y seguro. Su dise\u00f1o con uni\u00f3n tipo Victaulic permite una instalaci\u00f3n sencilla sin necesidad de roscas ni soldaduras, garantizando un sellado fiable y reduciendo los tiempos de montaje y mantenimiento.<\/p>\n<p>Fabricada en pl\u00e1stico de alta calidad, resistente a la corrosi\u00f3n y a la acci\u00f3n de productos qu\u00edmicos, asegura un rendimiento duradero incluso en condiciones de uso intensivo. Su construcci\u00f3n ligera facilita la manipulaci\u00f3n y el transporte, sin comprometer la resistencia y seguridad de la instalaci\u00f3n.<\/p>\n<p>Gracias a su dise\u00f1o ergon\u00f3mico, la v\u00e1lvula ofrece un manejo suave y preciso, permitiendo un control eficiente del caudal de agua. Es ideal para sistemas de fertirrigaci\u00f3n, conducciones principales y secundarias de riego localizado, as\u00ed como en instalaciones que requieren m\u00e1xima fiabilidad con un mantenimiento m\u00ednimo.<\/p>\n<p data-start=\"778\" data-end=\"1024\">Disponible en varias medidas.<\/p>\n<p data-start=\"778\" data-end=\"1024\">Presi\u00f3n de trabajo: 0,8 \u2013 10 bares.<\/p>\n<p>&nbsp;<\/p>\n","protected":false},"excerpt":{"rendered":"<p>La v\u00e1lvula pl\u00e1stica Victaulic RIS es una soluci\u00f3n robusta y vers\u00e1til para sistemas de riego agr\u00edcola, jardiner\u00eda y aplicaciones hidr\u00e1ulicas que requieren un montaje r\u00e1pido y seguro.<\/p>\n","protected":false},"featured_media":2377,"comment_status":"open","ping_status":"closed","template":"","meta":{"_et_pb_use_builder":"","_et_pb_old_content":"","_et_gb_content_width":"","_joinchat":[]},"product_brand":[],"product_cat":[70],"product_tag":[],"class_list":{"0":"post-2376","1":"product","2":"type-product","3":"status-publish","4":"has-post-thumbnail","6":"product_cat-valvulas-de-plastico","8":"first","9":"instock","10":"taxable","11":"shipping-taxable","12":"purchasable","13":"product-type-variable"},"_links":{"self":[{"href":"https:\/\/tecniagroxxi.com\/tienda\/wp-json\/wp\/v2\/product\/2376","targetHints":{"allow":["GET"]}}],"collection":[{"href":"https:\/\/tecniagroxxi.com\/tienda\/wp-json\/wp\/v2\/product"}],"about":[{"href":"https:\/\/tecniagroxxi.com\/tienda\/wp-json\/wp\/v2\/types\/product"}],"replies":[{"embeddable":true,"href":"https:\/\/tecniagroxxi.com\/tienda\/wp-json\/wp\/v2\/comments?post=2376"}],"wp:featuredmedia":[{"embeddable":true,"href":"https:\/\/tecniagroxxi.com\/tienda\/wp-json\/wp\/v2\/media\/2377"}],"wp:attachment":[{"href":"https:\/\/tecniagroxxi.com\/tienda\/wp-json\/wp\/v2\/media?parent=2376"}],"wp:term":[{"taxonomy":"product_brand","embeddable":true,"href":"https:\/\/tecniagroxxi.com\/tienda\/wp-json\/wp\/v2\/product_brand?post=2376"},{"taxonomy":"product_cat","embeddable":true,"href":"https:\/\/tecniagroxxi.com\/tienda\/wp-json\/wp\/v2\/product_cat?post=2376"},{"taxonomy":"product_tag","embeddable":true,"href":"https:\/\/tecniagroxxi.com\/tienda\/wp-json\/wp\/v2\/product_tag?post=2376"}],"curies":[{"name":"wp","href":"https:\/\/api.w.org\/{rel}","templated":true}]}}