{"id":2710,"date":"2025-09-09T17:32:32","date_gmt":"2025-09-09T15:32:32","guid":{"rendered":"https:\/\/tecniagroxxi.com\/tienda\/?post_type=product&#038;p=2710"},"modified":"2025-10-27T18:33:21","modified_gmt":"2025-10-27T17:33:21","slug":"cuerpo-hidraulico-axyra-st-4","status":"publish","type":"product","link":"https:\/\/tecniagroxxi.com\/tienda\/producto\/cuerpo-hidraulico-axyra-st-4\/","title":{"rendered":"Cuerpo hidr\u00e1ulico AXYRA ST 4&#8243;"},"content":{"rendered":"<p>El cuerpo hidr\u00e1ulico Axyra ST ha sido dise\u00f1ado con turbinas flotantes para conseguir una mayor tolerancia a la arena.<\/p>\n<p>Este dise\u00f1o se complementa con una robusta construcci\u00f3n en acero inoxidable y turbinas en Noryl, lo que permite una gran resistencia a la abrasi\u00f3n.<\/p>\n<p>Incorpora una v\u00e1lvula de retenci\u00f3n para evitar golpes de ariete y proporciona un rendimiento m\u00e1ximo con un bajo consumo de energ\u00eda. Presenta una rosca hembra que facilita su instalaci\u00f3n.<\/p>\n<p>Disponible en varios modelos y medidas.<\/p>\n<p>Presi\u00f3n m\u00e1xima de trabajo: 40 bares.<\/p>\n<p>&nbsp;<\/p>\n<p>&nbsp;<\/p>\n","protected":false},"excerpt":{"rendered":"<p>El cuerpo hidr\u00e1ulico Axyra ST ha sido dise\u00f1ado con turbinas flotantes para conseguir una mayor tolerancia a la arena.<\/p>\n<p><a href=\"https:\/\/tecniagroxxi.com\/tienda\/wp-content\/uploads\/2025\/09\/FichaTecnica-Cuerpo_ST.pdf\"><strong>FICHA T\u00c9CNICA<\/strong><\/a><\/p>\n","protected":false},"featured_media":2711,"comment_status":"open","ping_status":"closed","template":"","meta":{"_et_pb_use_builder":"","_et_pb_old_content":"","_et_gb_content_width":"","_joinchat":[]},"product_brand":[],"product_cat":[74],"product_tag":[],"class_list":{"0":"post-2710","1":"product","2":"type-product","3":"status-publish","4":"has-post-thumbnail","6":"product_cat-motores-bomba","8":"first","9":"instock","10":"taxable","11":"shipping-taxable","12":"purchasable","13":"product-type-variable"},"_links":{"self":[{"href":"https:\/\/tecniagroxxi.com\/tienda\/wp-json\/wp\/v2\/product\/2710","targetHints":{"allow":["GET"]}}],"collection":[{"href":"https:\/\/tecniagroxxi.com\/tienda\/wp-json\/wp\/v2\/product"}],"about":[{"href":"https:\/\/tecniagroxxi.com\/tienda\/wp-json\/wp\/v2\/types\/product"}],"replies":[{"embeddable":true,"href":"https:\/\/tecniagroxxi.com\/tienda\/wp-json\/wp\/v2\/comments?post=2710"}],"wp:featuredmedia":[{"embeddable":true,"href":"https:\/\/tecniagroxxi.com\/tienda\/wp-json\/wp\/v2\/media\/2711"}],"wp:attachment":[{"href":"https:\/\/tecniagroxxi.com\/tienda\/wp-json\/wp\/v2\/media?parent=2710"}],"wp:term":[{"taxonomy":"product_brand","embeddable":true,"href":"https:\/\/tecniagroxxi.com\/tienda\/wp-json\/wp\/v2\/product_brand?post=2710"},{"taxonomy":"product_cat","embeddable":true,"href":"https:\/\/tecniagroxxi.com\/tienda\/wp-json\/wp\/v2\/product_cat?post=2710"},{"taxonomy":"product_tag","embeddable":true,"href":"https:\/\/tecniagroxxi.com\/tienda\/wp-json\/wp\/v2\/product_tag?post=2710"}],"curies":[{"name":"wp","href":"https:\/\/api.w.org\/{rel}","templated":true}]}}