{"id":2914,"date":"2025-09-23T10:01:16","date_gmt":"2025-09-23T08:01:16","guid":{"rendered":"https:\/\/tecniagroxxi.com\/tienda\/?post_type=product&#038;p=2914"},"modified":"2025-10-14T09:08:09","modified_gmt":"2025-10-14T07:08:09","slug":"motor-bomba-4-franklin","status":"publish","type":"product","link":"https:\/\/tecniagroxxi.com\/tienda\/producto\/motor-bomba-4-franklin\/","title":{"rendered":"Motor bomba 4&#8243; Franklin"},"content":{"rendered":"<p>El motor bomba sumergible de 4\u2033 Franklin est\u00e1 dise\u00f1ado para garantizar un rendimiento fiable y duradero en instalaciones de bombeo de agua en pozos profundos.<\/p>\n<p>Este motor que cuenta con un exclusivo encapsulamiento ep\u00f3xico, haciendo que el calor se disipe, previniendo as\u00ed vibraciones en el estator, teniendo como resultado un alto desempe\u00f1o y aumento en la vida \u00fatil del motor. Los motores Franklin se consideran, como uno de los m\u00e1s robustos del mercado, gracias a su innovaci\u00f3n continua y el gran conocimiento en aplicaciones sumergibles.<\/p>\n<p>Disponibles varios modelos con diferente potencia (0,5 CV \u2013 10 CV), monof\u00e1sicos, trif\u00e1sicos 220V y 380V, con arranque directo.<\/p>\n<p>Los motores monof\u00e1sicos deber\u00e1n ser instalados con un condensador permanente (incluido en el precio).<\/p>\n<p>Los modelos FK son capaces de aguantar cargas axiales superiores que sus hom\u00f3logos.<\/p>\n","protected":false},"excerpt":{"rendered":"<p>El motor bomba sumergible de 4\u2033 Franklin est\u00e1 dise\u00f1ado para garantizar un rendimiento fiable y duradero en instalaciones de bombeo de agua en pozos profundos.<\/p>\n<p><a href=\"https:\/\/tecniagroxxi.com\/tienda\/wp-content\/uploads\/2025\/09\/MOTOR-FRANKLIN-MONOFASICO.pdf\">FICHA T\u00c9CNICA &#8211; MOTOR FRANKLIN MONOF\u00c1SICO<\/a><\/p>\n<p><a href=\"https:\/\/tecniagroxxi.com\/tienda\/wp-content\/uploads\/2025\/09\/MOTOR-FRANKLIN-TRIFASICO.pdf\">FICHA T\u00c9CNICA &#8211; MOTOR FRANKLIN TRIF\u00c1SICO<\/a><\/p>\n","protected":false},"featured_media":2915,"comment_status":"open","ping_status":"closed","template":"","meta":{"_et_pb_use_builder":"","_et_pb_old_content":"","_et_gb_content_width":"","_joinchat":[]},"product_brand":[],"product_cat":[80,74],"product_tag":[],"class_list":{"0":"post-2914","1":"product","2":"type-product","3":"status-publish","4":"has-post-thumbnail","6":"product_cat-franklin-electric","7":"product_cat-motores-bomba","9":"first","10":"instock","11":"taxable","12":"shipping-taxable","13":"purchasable","14":"product-type-variable"},"_links":{"self":[{"href":"https:\/\/tecniagroxxi.com\/tienda\/wp-json\/wp\/v2\/product\/2914","targetHints":{"allow":["GET"]}}],"collection":[{"href":"https:\/\/tecniagroxxi.com\/tienda\/wp-json\/wp\/v2\/product"}],"about":[{"href":"https:\/\/tecniagroxxi.com\/tienda\/wp-json\/wp\/v2\/types\/product"}],"replies":[{"embeddable":true,"href":"https:\/\/tecniagroxxi.com\/tienda\/wp-json\/wp\/v2\/comments?post=2914"}],"wp:featuredmedia":[{"embeddable":true,"href":"https:\/\/tecniagroxxi.com\/tienda\/wp-json\/wp\/v2\/media\/2915"}],"wp:attachment":[{"href":"https:\/\/tecniagroxxi.com\/tienda\/wp-json\/wp\/v2\/media?parent=2914"}],"wp:term":[{"taxonomy":"product_brand","embeddable":true,"href":"https:\/\/tecniagroxxi.com\/tienda\/wp-json\/wp\/v2\/product_brand?post=2914"},{"taxonomy":"product_cat","embeddable":true,"href":"https:\/\/tecniagroxxi.com\/tienda\/wp-json\/wp\/v2\/product_cat?post=2914"},{"taxonomy":"product_tag","embeddable":true,"href":"https:\/\/tecniagroxxi.com\/tienda\/wp-json\/wp\/v2\/product_tag?post=2914"}],"curies":[{"name":"wp","href":"https:\/\/api.w.org\/{rel}","templated":true}]}}