{"id":49,"date":"2025-05-08T18:30:06","date_gmt":"2025-05-08T16:30:06","guid":{"rendered":"https:\/\/tecniagroxxi.com\/tienda\/?post_type=product&#038;p=49"},"modified":"2025-10-27T18:18:01","modified_gmt":"2025-10-27T17:18:01","slug":"ccs-ds-multifuncion","status":"publish","type":"product","link":"https:\/\/tecniagroxxi.com\/tienda\/producto\/ccs-ds-multifuncion\/","title":{"rendered":"Gotero CCS DS multifunci\u00f3n"},"content":{"rendered":"<p>Gotero autocompensante antidrenante iDrop\u00ae light salida multifunci\u00f3n (CCS DS multifunci\u00f3n).<\/p>\n<p class=\"productLongDescription\">iDrop\u00ae LIGHT \/ PC, compensador de presi\u00f3n con flujo turbulento, encierra toda la tecnolog\u00eda iDrop\u00ae en un espacio muy reducido.<\/p>\n<div id=\"itemDescriptiveAttributeWidget_3074457345616779401\" class=\"itemDescriptiveAttributeWidget\">\n<h4 id=\"itemDescriptiveAttributeWidget_att_Car_title\">Caracter\u00edsticas<\/h4>\n<p id=\"itemDescriptiveAttributeWidget_att_Car\">Se caracteriza por un filtro de doble entrada y una membrana de silicona resistente. Disponible en la versi\u00f3n con sistema Drop-Stop DS (baja presi\u00f3n) y en la versi\u00f3n Drop-Stop HDS (alta presi\u00f3n). iDrop\u00ae LIGHT\/PC es la soluci\u00f3n econ\u00f3mica y vers\u00e1til para las necesidades de los agricultores.<\/p>\n<\/div>\n<div id=\"itemDescriptiveAttributeWidget_3074457345616779401\" class=\"itemDescriptiveAttributeWidget\">\n<h4 id=\"itemDescriptiveAttributeWidget_att_Vantaggi_title\">Ventajas<\/h4>\n<ul>\n<li>Ahorro de agua<\/li>\n<li>Eficiencia del riego<\/li>\n<li>Autocompensaci\u00f3n<\/li>\n<\/ul>\n<\/div>\n","protected":false},"excerpt":{"rendered":"<p>Gotero autocompensante antidrenante iDrop\u00ae light salida multifunci\u00f3n (CCS DS multifunci\u00f3n).<\/p>\n<p>iDrop\u00ae LIGHT \/ PC, compensador de presi\u00f3n con flujo turbulento, encierra toda la tecnolog\u00eda iDrop\u00ae en un espacio muy reducido.<\/p>\n<p>&nbsp;<\/p>\n","protected":false},"featured_media":77,"comment_status":"open","ping_status":"closed","template":"","meta":{"_et_pb_use_builder":"","_et_pb_old_content":"","_et_gb_content_width":"","_joinchat":[]},"product_brand":[],"product_cat":[20],"product_tag":[29,26,22,30],"class_list":{"0":"post-49","1":"product","2":"type-product","3":"status-publish","4":"has-post-thumbnail","6":"product_cat-goteros","7":"product_tag-antidrenante","8":"product_tag-autocompensante","9":"product_tag-gotero","10":"product_tag-multifuncion","12":"first","13":"instock","14":"taxable","15":"shipping-taxable","16":"purchasable","17":"product-type-variable"},"_links":{"self":[{"href":"https:\/\/tecniagroxxi.com\/tienda\/wp-json\/wp\/v2\/product\/49","targetHints":{"allow":["GET"]}}],"collection":[{"href":"https:\/\/tecniagroxxi.com\/tienda\/wp-json\/wp\/v2\/product"}],"about":[{"href":"https:\/\/tecniagroxxi.com\/tienda\/wp-json\/wp\/v2\/types\/product"}],"replies":[{"embeddable":true,"href":"https:\/\/tecniagroxxi.com\/tienda\/wp-json\/wp\/v2\/comments?post=49"}],"wp:featuredmedia":[{"embeddable":true,"href":"https:\/\/tecniagroxxi.com\/tienda\/wp-json\/wp\/v2\/media\/77"}],"wp:attachment":[{"href":"https:\/\/tecniagroxxi.com\/tienda\/wp-json\/wp\/v2\/media?parent=49"}],"wp:term":[{"taxonomy":"product_brand","embeddable":true,"href":"https:\/\/tecniagroxxi.com\/tienda\/wp-json\/wp\/v2\/product_brand?post=49"},{"taxonomy":"product_cat","embeddable":true,"href":"https:\/\/tecniagroxxi.com\/tienda\/wp-json\/wp\/v2\/product_cat?post=49"},{"taxonomy":"product_tag","embeddable":true,"href":"https:\/\/tecniagroxxi.com\/tienda\/wp-json\/wp\/v2\/product_tag?post=49"}],"curies":[{"name":"wp","href":"https:\/\/api.w.org\/{rel}","templated":true}]}}